
What is the remainder when 11203376 is divided by 135?
131
Calculate the remainder when 17887946 is divided by 137.
130
What is the remainder when 1376347 is divided by 648?
643
Calculate the remainder when 465443 is divided by 182.
69
What is the remainder when 361514 is divided by 51600?
314
Calculate the remainder when 18495071 is divided by 5364.
5363
Calculate the remainder when 953937 is divided by 476963.
11
What is the remainder when 16417902 is divided by 73?
56
What is the remainder when 11250 is divided by 2240?
50
Calculate the remainder when 88866 is divided by 17769.
21
What is the remainder when 15555742 is divided by 15555589?
153
What is the remainder when 8996239 is divided by 2537?
37
What is the remainder when 138596731 is divided by 384?
379
Calculate the remainder when 321282496 is divided by 67.
9
Calculate the remainder when 28747717 is divided by 14092.
37
What is the remainder when 1423295 is divided by 8626?
5
What is the remainder when 197322 is divided by 39276?
942
What is the remainder when 3304439 is divided by 309?
302
Calculate the remainder when 169983 is divided by 872.
815
Calculate the remainder when 2301471 is divided by 37.
34
What is the remainder when 187059 is divided by 59923?
7290
What is the remainder when 1895961 is divided by 175?
11
Calculate the remainder when 1561347 is divided by 111474.
711
What is the remainder when 2366486 is divided by 475?
36
Calculate the remainder when 11294898 is divided by 895.
893
Calculate the remainder when 382544 is divided by 76420.
444
What is the remainder when 1135590 is divided by 997?
7
Calculate the remainder when 9500607 is divided by 562.
559
Calculate the remainder when 35783 is divided by 8430.
2063
Calculate the remainder when 262488 is divided by 4491.
2010
Calculate the remainder when 12882179 is divided by 194.
191
What is the remainder when 14614179 is divided by 26523?
6
What is the remainder when 172118 is divided by 994?
156
What is the remainder when 25539241 is divided by 2221?
2183
Calculate the remainder when 997217 is divided by 1297.
1121
What is the remainder when 627098 is divided by 9646?
108
What is the remainder when 133086445 is divided by 242?
239
What is the remainder when 52175067 is divided by 10295?
7
Calculate the remainder when 30610273 is divided by 36.
13
What is the remainder when 1929428 is divided by 1127?
4
What is the remainder when 3798521 is divided by 273?
272
What is the remainder when 36928 is divided by 4720?
3888
Calculate the remainder when 15292507 is divided by 2121.
97
Calculate the remainder when 122904 is divided by 1154.
580
What is the remainder when 21345581 is divided by 2449?
97
Calculate the remainder when 565415 is divided by 282636.
143
Calculate the remainder when 1490016 is divided by 443.
207
What is the remainder when 492755 is divided by 246325?
105
What is the remainder when 18116408 is divided by 598?
596
Calculate the remainder when 737591 is divided by 737477.
114
Calculate the remainder when 142720 is divided by 20376.
88
Calculate the remainder when 239616693 is divided by 199.
196
What is the remainder when 8008823 is divided by 94?
23
Calculate the remainder when 6010798 is divided by 60.
58
What is the remainder when 13452608 is divided by 427?
400
What is the remainder when 119197234 is divided by 127?
114
What is the remainder when 1417702 is divided by 472542?
76
What is the remainder when 2540979 is divided by 539?
133
What is the remainder when 8700 is divided by 6644?
2056
What is the remainder when 215291 is divided by 43029?
146
What is the remainder when 628011 is divided by 73?
65
What is the remainder when 22049990 is divided by 4409990?
40
Calculate the remainder when 11557394 is divided by 631.
629
Calculate the remainder when 12749 is divided by 2912.
1101
What is the remainder when 89476633 is divided by 929?
927
Calculate the remainder when 734100 is divided by 283.
281
What is the remainder when 207770 is divided by 121?
13
What is the remainder when 412099336 is divided by 181?
165
Calculate the remainder when 1338183 is divided by 267633.
18
What is the remainder when 412050 is divided by 205937?
176
Calculate the remainder when 150879804 is divided by 419.
418
Calculate the remainder when 1349602 is divided by 96386.
198
What is the remainder when 3751883 is divided by 3856?
3851
Calculate the remainder when 1529311 is divided by 69.
64
What is the remainder when 1099495 is divided by 162?
1
Calculate the remainder when 1162274 is divided by 12772.
22
What is the remainder when 4603316 is divided by 156?
68
Calculate the remainder when 81001 is divided by 20155.
381
What is the remainder when 133230 is divided by 104?
6
What is the remainder when 49914657 is divided by 1020?
957
Calculate the remainder when 913148 is divided by 125.
23
What is the remainder when 11496 is divided by 4357?
2782
What is the remainder when 16622 is divided by 1336?
590
Calculate the remainder when 33662994 is divided by 9.
6
What is the remainder when 7845868 is divided by 72?
28
Calculate the remainder when 4838898 is divided by 25.
23
What is the remainder when 152645 is divided by 151302?
1343
Calculate the remainder when 45208 is divided by 1737.
46
What is the remainder when 12974 is divided by 10330?
2644
What is the remainder when 183121771 is divided by 48?
43
What is the remainder when 518844 is divided by 134?
130
What is the remainder when 7619116 is divided by 866?
48
What is the remainder when 1173312 is divided by 326?
38
Calculate the remainder when 9516871 is divided by 38.
37
What is the remainder when 60154 is divided by 9820?
1234
Calculate the remainder when 70862 is divided by 3208.
286
What is the remainder when 31057619 is divided by 133?
124
What is the remainder when 30218411 is divided by 7008?
6923
What is the remainder when 1120876 is divided by 17226?
1186
Calculate the remainder when 115078262 is divided by 20.
2
Calculate the remainder when 176852 is divided by 9275.
627
What is the remainder when 851571011 is divided by 2978?
2977
What is the remainder when 631887 is divided by 7926?
5733
What is the remainder when 6419245 is divided by 31?
13
Calculate the remainder when 171436 is divided by 171419.
17
Calculate the remainder when 386097 is divided by 8768.
305
Calculate the remainder when 23390 is divided by 3831.
404
What is the remainder when 307698 is divided by 81?
60
What is the remainder when 5997851 is divided by 17?
13
Calculate the remainder when 165854826 is divided by 331.
325
What is the remainder when 75712 is divided by 25215?
67
Calculate the remainder when 841383 is divided by 26258.
1127
What is the remainder when 199773954 is divided by 3504806?
12
Calculate the remainder when 32690616 is divided by 2041.
1960
Calculate the remainder when 7219309 is divided by 11245.
19
What is the remainder when 30559 is divided by 470?
9
What is the remainder when 717599 is divided by 138?
137
What is the remainder when 186084207 is divided by 130?
127
Calculate the remainder when 4897427 is divided by 465.
47
What is the remainder when 81378941 is divided by 2260526?
5
What is the remainder when 6652388 is divided by 53218?
138
Calculate the remainder when 2984913 is divided by 17765.
393
Calculate the remainder when 8893018 is divided by 1346.
1342
Calculate the remainder when 1382549 is divided by 39.
38
What is the remainder when 14642336 is divided by 1232?
16
Calculate the remainder when 89196805 is divided by 29.
26
Calculate the remainder when 126764 is divided by 12188.
4884
What is the remainder when 6476902 is divided by 15?
7
What is the remainder when 1479634 is divided by 184?
90
What is the remainder when 31464326 is divided by 30?
26
What is the remainder when 203614 is divided by 4735?
9
Calculate the remainder when 13711455 is divided by 20.
15
Calculate the remainder when 67864 is divided by 210.
34
What is the remainder when 7620909 is divided by 552?
549
What is the remainder when 873054 is divided by 72752?
30
What is the remainder when 281959 is divided by 414?
25
What is the remainder when 121762 is divided by 4541?
3696
Calculate the remainder when 45111901 is divided by 536.
533
What is the remainder when 44256214 is 